{"id":3125,"date":"2022-10-26T08:45:22","date_gmt":"2022-10-26T06:45:22","guid":{"rendered":"https:\/\/alainepron-photographer.fr\/?page_id=3125"},"modified":"2023-04-14T00:15:33","modified_gmt":"2023-04-13T22:15:33","slug":"discussion-sur-la-photographie","status":"publish","type":"page","link":"https:\/\/alainepron-photographer.fr\/index.php\/discussion-sur-la-photographie\/","title":{"rendered":"BLOG DE PHOTOGRAPHE"},"content":{"rendered":"\n<figure class=\"wp-block-image alignfull size-full\"><img loading=\"lazy\" decoding=\"async\" width=\"880\" height=\"350\" src=\"https:\/\/alainepron-photographer.fr\/wp-content\/uploads\/2022\/10\/BLOG.jpg\" alt=\"BLOG DE PHOTOGRAPHE\" class=\"wp-image-3143\" srcset=\"https:\/\/alainepron-photographer.fr\/wp-content\/uploads\/2022\/10\/BLOG.jpg 880w, https:\/\/alainepron-photographer.fr\/wp-content\/uploads\/2022\/10\/BLOG-300x119.jpg 300w, https:\/\/alainepron-photographer.fr\/wp-content\/uploads\/2022\/10\/BLOG-768x305.jpg 768w, https:\/\/alainepron-photographer.fr\/wp-content\/uploads\/2022\/10\/BLOG-250x99.jpg 250w, https:\/\/alainepron-photographer.fr\/wp-content\/uploads\/2022\/10\/BLOG-550x219.jpg 550w, https:\/\/alainepron-photographer.fr\/wp-content\/uploads\/2022\/10\/BLOG-800x318.jpg 800w, https:\/\/alainepron-photographer.fr\/wp-content\/uploads\/2022\/10\/BLOG-453x180.jpg 453w, https:\/\/alainepron-photographer.fr\/wp-content\/uploads\/2022\/10\/BLOG-754x300.jpg 754w\" sizes=\"auto, (max-width: 880px) 100vw, 880px\" \/><\/figure>\n\n\n\n<blockquote class=\"wp-block-quote is-layout-flow wp-block-quote-is-layout-flow\">\n<p class=\"has-small-font-size\"><strong>La photographie n\u2019a pas chang\u00e9 sur ses origines, except\u00e9 dans ses aspects techniques qui pour moi ne sont pas importants.<\/strong> \u2013 <em>Henri Cartier-Bresson<\/em><\/p>\n<\/blockquote>\n\n\n\n<div style=\"height:30px\" aria-hidden=\"true\" class=\"wp-block-spacer\"><\/div>\n\n\n\n<p>Bienvenue sur mon blog o\u00f9 je vous parle de chose en lien avec la photographie. Des choses qui me concernent, dans ma pratique, qui concerne mes confr\u00e8res, dans leur pratique, ou la photo en g\u00e9n\u00e9ral&#8230; Bref de tout et de rien mais pas que.<\/p>\n\n\n\n<div style=\"height:30px\" aria-hidden=\"true\" class=\"wp-block-spacer\"><\/div>\n\n\n\n<div class=\"wp-block-query is-layout-flow wp-block-query-is-layout-flow\"><ul class=\"wp-block-post-template is-layout-flow wp-block-post-template-is-layout-flow\"><li class=\"wp-block-post post-4365 post type-post status-publish format-standard has-post-thumbnail hentry category-blog\">\n<h2 class=\"wp-block-post-title has-text-color has-tertiary-color has-large-font-size\"><a href=\"https:\/\/alainepron-photographer.fr\/index.php\/2023\/05\/25\/le-portrait\/\" target=\"_self\" >LE PORTRAIT<\/a><\/h2>\n\n\n<div style=\"height:20px\" aria-hidden=\"true\" class=\"wp-block-spacer\"><\/div>\n\n\n<figure class=\"alignwide wp-block-post-featured-image\"><a href=\"https:\/\/alainepron-photographer.fr\/index.php\/2023\/05\/25\/le-portrait\/\" target=\"_self\"  ><img loading=\"lazy\" decoding=\"async\" width=\"794\" height=\"446\" src=\"https:\/\/alainepron-photographer.fr\/wp-content\/uploads\/2023\/05\/PORTRAIT.jpg\" class=\"attachment-post-thumbnail size-post-thumbnail wp-post-image\" alt=\"LE PORTRAIT\" style=\"object-fit:cover;\" srcset=\"https:\/\/alainepron-photographer.fr\/wp-content\/uploads\/2023\/05\/PORTRAIT.jpg 794w, https:\/\/alainepron-photographer.fr\/wp-content\/uploads\/2023\/05\/PORTRAIT-300x169.jpg 300w, https:\/\/alainepron-photographer.fr\/wp-content\/uploads\/2023\/05\/PORTRAIT-768x431.jpg 768w, https:\/\/alainepron-photographer.fr\/wp-content\/uploads\/2023\/05\/PORTRAIT-250x140.jpg 250w, https:\/\/alainepron-photographer.fr\/wp-content\/uploads\/2023\/05\/PORTRAIT-550x309.jpg 550w, https:\/\/alainepron-photographer.fr\/wp-content\/uploads\/2023\/05\/PORTRAIT-320x180.jpg 320w, https:\/\/alainepron-photographer.fr\/wp-content\/uploads\/2023\/05\/PORTRAIT-534x300.jpg 534w\" sizes=\"auto, (max-width: 794px) 100vw, 794px\" \/><\/a><\/figure>\n\n<div class=\"wp-block-post-excerpt has-small-font-size\"><p class=\"wp-block-post-excerpt__excerpt\">S&#8217;il y a bien une chose qui est assez mal d\u00e9fini par de nombreux photographes et encore plus par le grand public, c&#8217;est bien la notion de portrait. Et \u00e0 ce niveau-l\u00e0, on entend souvent tout et n&#8217;importe quoi. Pourtant, ce n&#8217;est pas si compliqu\u00e9 que cela et cela rel\u00e8ve du bon sens. Qu&#8217;est-ce qu&#8217;un&hellip;<\/p><p class=\"wp-block-post-excerpt__more-text\"><a class=\"wp-block-post-excerpt__more-link\" href=\"https:\/\/alainepron-photographer.fr\/index.php\/2023\/05\/25\/le-portrait\/\">Lire la suite&#8230;<\/a><\/p><\/div>\n<\/li><li class=\"wp-block-post post-3544 post type-post status-publish format-standard has-post-thumbnail hentry category-blog\">\n<h2 class=\"wp-block-post-title has-text-color has-tertiary-color has-large-font-size\"><a href=\"https:\/\/alainepron-photographer.fr\/index.php\/2022\/10\/28\/la-photographie-de-mode\/\" target=\"_self\" >LA PHOTOGRAPHIE DE MODE<\/a><\/h2>\n\n\n<div style=\"height:20px\" aria-hidden=\"true\" class=\"wp-block-spacer\"><\/div>\n\n\n<figure class=\"alignwide wp-block-post-featured-image\"><a href=\"https:\/\/alainepron-photographer.fr\/index.php\/2022\/10\/28\/la-photographie-de-mode\/\" target=\"_self\"  ><img loading=\"lazy\" decoding=\"async\" width=\"794\" height=\"446\" src=\"https:\/\/alainepron-photographer.fr\/wp-content\/uploads\/2022\/10\/LA-PHOTO-DE-MODE.jpg\" class=\"attachment-post-thumbnail size-post-thumbnail wp-post-image\" alt=\"LA PHOTOGRAPHIE DE MODE\" style=\"object-fit:cover;\" srcset=\"https:\/\/alainepron-photographer.fr\/wp-content\/uploads\/2022\/10\/LA-PHOTO-DE-MODE.jpg 794w, https:\/\/alainepron-photographer.fr\/wp-content\/uploads\/2022\/10\/LA-PHOTO-DE-MODE-300x169.jpg 300w, https:\/\/alainepron-photographer.fr\/wp-content\/uploads\/2022\/10\/LA-PHOTO-DE-MODE-768x431.jpg 768w, https:\/\/alainepron-photographer.fr\/wp-content\/uploads\/2022\/10\/LA-PHOTO-DE-MODE-250x140.jpg 250w, https:\/\/alainepron-photographer.fr\/wp-content\/uploads\/2022\/10\/LA-PHOTO-DE-MODE-550x309.jpg 550w, https:\/\/alainepron-photographer.fr\/wp-content\/uploads\/2022\/10\/LA-PHOTO-DE-MODE-320x180.jpg 320w, https:\/\/alainepron-photographer.fr\/wp-content\/uploads\/2022\/10\/LA-PHOTO-DE-MODE-534x300.jpg 534w\" sizes=\"auto, (max-width: 794px) 100vw, 794px\" \/><\/a><\/figure>\n\n<div class=\"wp-block-post-excerpt has-small-font-size\"><p class=\"wp-block-post-excerpt__excerpt\">Je me suis souvent pos\u00e9 la question de qu\u2019elle \u00e9tait la diff\u00e9rence entre une photo commerciale, une photo de mode et photo \u00e9ditoriale. Lorsque l\u2019on regarde la production photographique dans ces diff\u00e9rents domaines, la d\u00e9marcation n\u2019est pas toujours \u00e9vidente. Cependant, on s\u2019aper\u00e7oit tr\u00e8s vite que la photographie qui est en m\u00eame temps commerciale et mode&hellip;<\/p><p class=\"wp-block-post-excerpt__more-text\"><a class=\"wp-block-post-excerpt__more-link\" href=\"https:\/\/alainepron-photographer.fr\/index.php\/2022\/10\/28\/la-photographie-de-mode\/\">Lire la suite&#8230;<\/a><\/p><\/div>\n<\/li><li class=\"wp-block-post post-3537 post type-post status-publish format-standard has-post-thumbnail hentry category-blog\">\n<h2 class=\"wp-block-post-title has-text-color has-tertiary-color has-large-font-size\"><a href=\"https:\/\/alainepron-photographer.fr\/index.php\/2022\/10\/28\/photo-theraquoi\/\" target=\"_self\" >PHOTO THERAQUOI ??<\/a><\/h2>\n\n\n<div style=\"height:20px\" aria-hidden=\"true\" class=\"wp-block-spacer\"><\/div>\n\n\n<figure class=\"alignwide wp-block-post-featured-image\"><a href=\"https:\/\/alainepron-photographer.fr\/index.php\/2022\/10\/28\/photo-theraquoi\/\" target=\"_self\"  ><img loading=\"lazy\" decoding=\"async\" width=\"794\" height=\"446\" src=\"https:\/\/alainepron-photographer.fr\/wp-content\/uploads\/2022\/10\/BLOG_05.jpg\" class=\"attachment-post-thumbnail size-post-thumbnail wp-post-image\" alt=\"PHOTO THERAQUOI ??\" style=\"object-fit:cover;\" srcset=\"https:\/\/alainepron-photographer.fr\/wp-content\/uploads\/2022\/10\/BLOG_05.jpg 794w, https:\/\/alainepron-photographer.fr\/wp-content\/uploads\/2022\/10\/BLOG_05-300x169.jpg 300w, https:\/\/alainepron-photographer.fr\/wp-content\/uploads\/2022\/10\/BLOG_05-768x431.jpg 768w, https:\/\/alainepron-photographer.fr\/wp-content\/uploads\/2022\/10\/BLOG_05-250x140.jpg 250w, https:\/\/alainepron-photographer.fr\/wp-content\/uploads\/2022\/10\/BLOG_05-550x309.jpg 550w, https:\/\/alainepron-photographer.fr\/wp-content\/uploads\/2022\/10\/BLOG_05-320x180.jpg 320w, https:\/\/alainepron-photographer.fr\/wp-content\/uploads\/2022\/10\/BLOG_05-534x300.jpg 534w\" sizes=\"auto, (max-width: 794px) 100vw, 794px\" \/><\/a><\/figure>\n\n<div class=\"wp-block-post-excerpt has-small-font-size\"><p class=\"wp-block-post-excerpt__excerpt\">S\u2019il y a un domaine qui a pris et continue de prendre de l&#8217;ampleur aujourd&#8217;hui en photographie, c&#8217;est la photo th\u00e9rapie. Comme souvent en photo, on y retrouve de tout et du n&#8217;importe quoi, et pour \u00eatre franc, beaucoup, beaucoup de n&#8217;importe quoi. Une repr\u00e9sentation Une photo est une repr\u00e9sentation d&#8217;un mod\u00e8le, d&#8217;une sc\u00e8ne, d&#8217;une&hellip;<\/p><p class=\"wp-block-post-excerpt__more-text\"><a class=\"wp-block-post-excerpt__more-link\" href=\"https:\/\/alainepron-photographer.fr\/index.php\/2022\/10\/28\/photo-theraquoi\/\">Lire la suite&#8230;<\/a><\/p><\/div>\n<\/li><\/ul>\n\n\n<hr class=\"wp-block-separator has-alpha-channel-opacity\"\/>\n\n\n\n<div style=\"height:30px\" aria-hidden=\"true\" class=\"wp-block-spacer\"><\/div>\n\n\n<nav class=\"wp-block-query-pagination is-content-justification-center is-layout-flex wp-container-core-query-pagination-is-layout-1 wp-block-query-pagination-is-layout-flex\" aria-label=\"Pagination\">\n\n\n<div class=\"wp-block-query-pagination-numbers\"><span aria-current=\"page\" class=\"page-numbers current\">1<\/span>\n<a class=\"page-numbers\" href=\"?query-21-page=2\">2<\/a>\n<a class=\"page-numbers\" href=\"?query-21-page=3\">3<\/a><\/div>\n\n<a href=\"\/index.php\/wp-json\/wp\/v2\/pages\/3125?query-21-page=2\" class=\"wp-block-query-pagination-next\">Posts pr\u00e9c\u00e9dents<\/a>\n<\/nav><\/div>\n","protected":false},"excerpt":{"rendered":"<p>La photographie n\u2019a pas chang\u00e9 sur ses origines, except\u00e9 dans ses aspects techniques qui pour moi ne sont pas importants. \u2013 Henri Cartier-Bresson Bienvenue sur mon blog o\u00f9 je vous parle de chose en lien avec la photographie. Des choses qui me concernent, dans ma pratique, qui concerne mes confr\u00e8res, dans leur pratique, ou la [&hellip;]<\/p>\n","protected":false},"author":1,"featured_media":0,"parent":0,"menu_order":0,"comment_status":"closed","ping_status":"closed","template":"","meta":{"_seopress_robots_primary_cat":"","_seopress_titles_title":"","_seopress_titles_desc":"","_seopress_robots_index":"","footnotes":""},"class_list":["post-3125","page","type-page","status-publish","hentry"],"_links":{"self":[{"href":"https:\/\/alainepron-photographer.fr\/index.php\/wp-json\/wp\/v2\/pages\/3125","targetHints":{"allow":["GET"]}}],"collection":[{"href":"https:\/\/alainepron-photographer.fr\/index.php\/wp-json\/wp\/v2\/pages"}],"about":[{"href":"https:\/\/alainepron-photographer.fr\/index.php\/wp-json\/wp\/v2\/types\/page"}],"author":[{"embeddable":true,"href":"https:\/\/alainepron-photographer.fr\/index.php\/wp-json\/wp\/v2\/users\/1"}],"replies":[{"embeddable":true,"href":"https:\/\/alainepron-photographer.fr\/index.php\/wp-json\/wp\/v2\/comments?post=3125"}],"version-history":[{"count":23,"href":"https:\/\/alainepron-photographer.fr\/index.php\/wp-json\/wp\/v2\/pages\/3125\/revisions"}],"predecessor-version":[{"id":4287,"href":"https:\/\/alainepron-photographer.fr\/index.php\/wp-json\/wp\/v2\/pages\/3125\/revisions\/4287"}],"wp:attachment":[{"href":"https:\/\/alainepron-photographer.fr\/index.php\/wp-json\/wp\/v2\/media?parent=3125"}],"curies":[{"name":"wp","href":"https:\/\/api.w.org\/{rel}","templated":true}]}}

<figure class="wp-block-image alignfull size-full"><img loading="lazy" decoding="async" width="880" height="350" src="https://alainepron-photographer.fr/wp-content/uploads/2022/10/BLOG.jpg" alt="BLOG DE PHOTOGRAPHE" class="wp-image-3143" srcset="https://alainepron-photographer.fr/wp-content/uploads/2022/10/BLOG.jpg 880w, https://alainepron-photographer.fr/wp-content/uploads/2022/10/BLOG-300x119.jpg 300w, https://alainepron-photographer.fr/wp-content/uploads/2022/10/BLOG-768x305.jpg 768w, https://alainepron-photographer.fr/wp-content/uploads/2022/10/BLOG-250x99.jpg 250w, https://alainepron-photographer.fr/wp-content/uploads/2022/10/BLOG-550x219.jpg 550w, https://alainepron-photographer.fr/wp-content/uploads/2022/10/BLOG-800x318.jpg 800w, https://alainepron-photographer.fr/wp-content/uploads/2022/10/BLOG-453x180.jpg 453w, https://alainepron-photographer.fr/wp-content/uploads/2022/10/BLOG-754x300.jpg 754w" sizes="auto, (max-width: 880px) 100vw, 880px" /></figure>



<blockquote class="wp-block-quote is-layout-flow wp-block-quote-is-layout-flow">
<p class="has-small-font-size"><strong>La photographie n’a pas changé sur ses origines, excepté dans ses aspects techniques qui pour moi ne sont pas importants.</strong> – <em>Henri Cartier-Bresson</em></p>
</blockquote>



<div style="height:30px" aria-hidden="true" class="wp-block-spacer"></div>



<p>Bienvenue sur mon blog où je vous parle de chose en lien avec la photographie. Des choses qui me concernent, dans ma pratique, qui concerne mes confrères, dans leur pratique, ou la photo en général&#8230; Bref de tout et de rien mais pas que.</p>



<div style="height:30px" aria-hidden="true" class="wp-block-spacer"></div>



<div class="wp-block-query is-layout-flow wp-block-query-is-layout-flow"><ul class="wp-block-post-template is-layout-flow wp-block-post-template-is-layout-flow"><li class="wp-block-post post-4365 post type-post status-publish format-standard has-post-thumbnail hentry category-blog">
<h2 class="wp-block-post-title has-text-color has-tertiary-color has-large-font-size"><a href="https://alainepron-photographer.fr/index.php/2023/05/25/le-portrait/" target="_self" >LE PORTRAIT</a></h2>


<div style="height:20px" aria-hidden="true" class="wp-block-spacer"></div>


<figure class="alignwide wp-block-post-featured-image"><a href="https://alainepron-photographer.fr/index.php/2023/05/25/le-portrait/" target="_self"  ><img loading="lazy" decoding="async" width="794" height="446" src="https://alainepron-photographer.fr/wp-content/uploads/2023/05/PORTRAIT.jpg" class="attachment-post-thumbnail size-post-thumbnail wp-post-image" alt="LE PORTRAIT" style="object-fit:cover;" srcset="https://alainepron-photographer.fr/wp-content/uploads/2023/05/PORTRAIT.jpg 794w, https://alainepron-photographer.fr/wp-content/uploads/2023/05/PORTRAIT-300x169.jpg 300w, https://alainepron-photographer.fr/wp-content/uploads/2023/05/PORTRAIT-768x431.jpg 768w, https://alainepron-photographer.fr/wp-content/uploads/2023/05/PORTRAIT-250x140.jpg 250w, https://alainepron-photographer.fr/wp-content/uploads/2023/05/PORTRAIT-550x309.jpg 550w, https://alainepron-photographer.fr/wp-content/uploads/2023/05/PORTRAIT-320x180.jpg 320w, https://alainepron-photographer.fr/wp-content/uploads/2023/05/PORTRAIT-534x300.jpg 534w" sizes="auto, (max-width: 794px) 100vw, 794px" /></a></figure>

<div class="wp-block-post-excerpt has-small-font-size"><p class="wp-block-post-excerpt__excerpt">S&#8217;il y a bien une chose qui est assez mal défini par de nombreux photographes et encore plus par le grand public, c&#8217;est bien la notion de portrait. Et à ce niveau-là, on entend souvent tout et n&#8217;importe quoi. Pourtant, ce n&#8217;est pas si compliqué que cela et cela relève du bon sens. Qu&#8217;est-ce qu&#8217;un&hellip;</p><p class="wp-block-post-excerpt__more-text"><a class="wp-block-post-excerpt__more-link" href="https://alainepron-photographer.fr/index.php/2023/05/25/le-portrait/">Lire la suite&#8230;</a></p></div>
</li><li class="wp-block-post post-3544 post type-post status-publish format-standard has-post-thumbnail hentry category-blog">
<h2 class="wp-block-post-title has-text-color has-tertiary-color has-large-font-size"><a href="https://alainepron-photographer.fr/index.php/2022/10/28/la-photographie-de-mode/" target="_self" >LA PHOTOGRAPHIE DE MODE</a></h2>


<div style="height:20px" aria-hidden="true" class="wp-block-spacer"></div>


<figure class="alignwide wp-block-post-featured-image"><a href="https://alainepron-photographer.fr/index.php/2022/10/28/la-photographie-de-mode/" target="_self"  ><img loading="lazy" decoding="async" width="794" height="446" src="https://alainepron-photographer.fr/wp-content/uploads/2022/10/LA-PHOTO-DE-MODE.jpg" class="attachment-post-thumbnail size-post-thumbnail wp-post-image" alt="LA PHOTOGRAPHIE DE MODE" style="object-fit:cover;" srcset="https://alainepron-photographer.fr/wp-content/uploads/2022/10/LA-PHOTO-DE-MODE.jpg 794w, https://alainepron-photographer.fr/wp-content/uploads/2022/10/LA-PHOTO-DE-MODE-300x169.jpg 300w, https://alainepron-photographer.fr/wp-content/uploads/2022/10/LA-PHOTO-DE-MODE-768x431.jpg 768w, https://alainepron-photographer.fr/wp-content/uploads/2022/10/LA-PHOTO-DE-MODE-250x140.jpg 250w, https://alainepron-photographer.fr/wp-content/uploads/2022/10/LA-PHOTO-DE-MODE-550x309.jpg 550w, https://alainepron-photographer.fr/wp-content/uploads/2022/10/LA-PHOTO-DE-MODE-320x180.jpg 320w, https://alainepron-photographer.fr/wp-content/uploads/2022/10/LA-PHOTO-DE-MODE-534x300.jpg 534w" sizes="auto, (max-width: 794px) 100vw, 794px" /></a></figure>

<div class="wp-block-post-excerpt has-small-font-size"><p class="wp-block-post-excerpt__excerpt">Je me suis souvent posé la question de qu’elle était la différence entre une photo commerciale, une photo de mode et photo éditoriale. Lorsque l’on regarde la production photographique dans ces différents domaines, la démarcation n’est pas toujours évidente. Cependant, on s’aperçoit très vite que la photographie qui est en même temps commerciale et mode&hellip;</p><p class="wp-block-post-excerpt__more-text"><a class="wp-block-post-excerpt__more-link" href="https://alainepron-photographer.fr/index.php/2022/10/28/la-photographie-de-mode/">Lire la suite&#8230;</a></p></div>
</li><li class="wp-block-post post-3537 post type-post status-publish format-standard has-post-thumbnail hentry category-blog">
<h2 class="wp-block-post-title has-text-color has-tertiary-color has-large-font-size"><a href="https://alainepron-photographer.fr/index.php/2022/10/28/photo-theraquoi/" target="_self" >PHOTO THERAQUOI ??</a></h2>


<div style="height:20px" aria-hidden="true" class="wp-block-spacer"></div>


<figure class="alignwide wp-block-post-featured-image"><a href="https://alainepron-photographer.fr/index.php/2022/10/28/photo-theraquoi/" target="_self"  ><img loading="lazy" decoding="async" width="794" height="446" src="https://alainepron-photographer.fr/wp-content/uploads/2022/10/BLOG_05.jpg" class="attachment-post-thumbnail size-post-thumbnail wp-post-image" alt="PHOTO THERAQUOI ??" style="object-fit:cover;" srcset="https://alainepron-photographer.fr/wp-content/uploads/2022/10/BLOG_05.jpg 794w, https://alainepron-photographer.fr/wp-content/uploads/2022/10/BLOG_05-300x169.jpg 300w, https://alainepron-photographer.fr/wp-content/uploads/2022/10/BLOG_05-768x431.jpg 768w, https://alainepron-photographer.fr/wp-content/uploads/2022/10/BLOG_05-250x140.jpg 250w, https://alainepron-photographer.fr/wp-content/uploads/2022/10/BLOG_05-550x309.jpg 550w, https://alainepron-photographer.fr/wp-content/uploads/2022/10/BLOG_05-320x180.jpg 320w, https://alainepron-photographer.fr/wp-content/uploads/2022/10/BLOG_05-534x300.jpg 534w" sizes="auto, (max-width: 794px) 100vw, 794px" /></a></figure>

<div class="wp-block-post-excerpt has-small-font-size"><p class="wp-block-post-excerpt__excerpt">S’il y a un domaine qui a pris et continue de prendre de l&#8217;ampleur aujourd&#8217;hui en photographie, c&#8217;est la photo thérapie. Comme souvent en photo, on y retrouve de tout et du n&#8217;importe quoi, et pour être franc, beaucoup, beaucoup de n&#8217;importe quoi. Une représentation Une photo est une représentation d&#8217;un modèle, d&#8217;une scène, d&#8217;une&hellip;</p><p class="wp-block-post-excerpt__more-text"><a class="wp-block-post-excerpt__more-link" href="https://alainepron-photographer.fr/index.php/2022/10/28/photo-theraquoi/">Lire la suite&#8230;</a></p></div>
</li></ul>


<hr class="wp-block-separator has-alpha-channel-opacity"/>



<div style="height:30px" aria-hidden="true" class="wp-block-spacer"></div>


<nav class="wp-block-query-pagination is-content-justification-center is-layout-flex wp-container-core-query-pagination-is-layout-1 wp-block-query-pagination-is-layout-flex" aria-label="Pagination">


<div class="wp-block-query-pagination-numbers"><span aria-current="page" class="page-numbers current">1</span>
<a class="page-numbers" href="?query-21-page=2">2</a>
<a class="page-numbers" href="?query-21-page=3">3</a></div>

<a href="/index.php/wp-json/wp/v2/pages/3125?query-21-page=2" class="wp-block-query-pagination-next">Posts précédents</a>
</nav></div>

<p>La photographie n’a pas changé sur ses origines, excepté dans ses aspects techniques qui pour moi ne sont pas importants. – Henri Cartier-Bresson Bienvenue sur mon blog où je vous parle de chose en lien avec la photographie. Des choses qui me concernent, dans ma pratique, qui concerne mes confrères, dans leur pratique, ou la [&hellip;]</p>
