{"id":571,"date":"2022-02-14T18:32:46","date_gmt":"2022-02-14T17:32:46","guid":{"rendered":"http:\/\/alainepron-photographer.fr\/?page_id=571"},"modified":"2024-12-30T10:37:10","modified_gmt":"2024-12-30T09:37:10","slug":"prestations-photos","status":"publish","type":"page","link":"https:\/\/alainepron-photographer.fr\/index.php\/prestations-photos\/","title":{"rendered":"MES PRESTATIONS PHOTOGRAPHIQUES"},"content":{"rendered":"\n<figure class=\"wp-block-image alignfull size-large\"><img loading=\"lazy\" decoding=\"async\" width=\"1024\" height=\"384\" src=\"https:\/\/alainepron-photographer.fr\/wp-content\/uploads\/2022\/10\/PRESTATIONS-1-1024x384.jpg\" alt=\"Prestation photographique\" class=\"wp-image-3494\" srcset=\"https:\/\/alainepron-photographer.fr\/wp-content\/uploads\/2022\/10\/PRESTATIONS-1-1024x384.jpg 1024w, https:\/\/alainepron-photographer.fr\/wp-content\/uploads\/2022\/10\/PRESTATIONS-1-300x113.jpg 300w, https:\/\/alainepron-photographer.fr\/wp-content\/uploads\/2022\/10\/PRESTATIONS-1-768x288.jpg 768w, https:\/\/alainepron-photographer.fr\/wp-content\/uploads\/2022\/10\/PRESTATIONS-1-1536x576.jpg 1536w, https:\/\/alainepron-photographer.fr\/wp-content\/uploads\/2022\/10\/PRESTATIONS-1-250x94.jpg 250w, https:\/\/alainepron-photographer.fr\/wp-content\/uploads\/2022\/10\/PRESTATIONS-1-550x206.jpg 550w, https:\/\/alainepron-photographer.fr\/wp-content\/uploads\/2022\/10\/PRESTATIONS-1-800x300.jpg 800w, https:\/\/alainepron-photographer.fr\/wp-content\/uploads\/2022\/10\/PRESTATIONS-1-480x180.jpg 480w, https:\/\/alainepron-photographer.fr\/wp-content\/uploads\/2022\/10\/PRESTATIONS-1-1333x500.jpg 1333w, https:\/\/alainepron-photographer.fr\/wp-content\/uploads\/2022\/10\/PRESTATIONS-1.jpg 1600w\" sizes=\"auto, (max-width: 1024px) 100vw, 1024px\" \/><\/figure>\n\n\n\n<blockquote class=\"wp-block-quote is-layout-flow wp-block-quote-is-layout-flow\">\n<p class=\"has-small-font-size\"><strong>You don\u2019t take a photograph, you make it.<\/strong>&nbsp;\u2013&nbsp;<em>Ansel Adams<\/em><\/p>\n<\/blockquote>\n\n\n\n<div style=\"height:30px\" aria-hidden=\"true\" class=\"wp-block-spacer\"><\/div>\n\n\n\n<h2 class=\"wp-block-heading has-text-align-center has-background-background-color has-background has-medium-font-size\">PRESTATIONS &amp; TARIFS<\/h2>\n\n\n\n<p class=\"has-text-align-center has-background-background-color has-background\"><a href=\"#PARTICULIER\">Particulier <\/a>&#8211; <a href=\"#MANNEQUIN\">Mannequin \/ Artiste<\/a><\/p>\n\n\n\n<hr class=\"wp-block-separator has-alpha-channel-opacity is-style-wide\"\/>\n\n\n\n<div style=\"height:20px\" aria-hidden=\"true\" class=\"wp-block-spacer\"><\/div>\n\n\n\n<h2 class=\"wp-block-heading has-text-align-center has-tertiary-color has-text-color has-large-font-size\" id=\"PARTICULIER\">[PRESTATIONS PHOTO POUR LES PARTICULIER]<\/h2>\n\n\n\n<pre class=\"wp-block-verse\" style=\"border-width:1px;padding-top:var(--wp--preset--spacing--20);padding-right:var(--wp--preset--spacing--30);padding-bottom:var(--wp--preset--spacing--20);padding-left:var(--wp--preset--spacing--30)\">A l'inverse des collaborations o\u00f9 le partage est de mise, toutes les photos prises dans le cadre d'une prestation sont couvertes par une stricte confidentialit\u00e9. Elles ne sont jamais publi\u00e9es par mes soins sur quelques supports que ce soient. La s\u00e9lection des photos se fait via une page aveugle prot\u00e9g\u00e9e par identifiants et les photos finalis\u00e9es sont envoy\u00e9es par Wetransfer.<\/pre>\n\n\n\n<div class=\"wp-block-columns alignwide is-layout-flex wp-container-core-columns-is-layout-1 wp-block-columns-is-layout-flex\" style=\"border-width:1px;margin-top:var(--wp--preset--spacing--40);margin-bottom:var(--wp--preset--spacing--40);padding-top:var(--wp--preset--spacing--50);padding-right:var(--wp--preset--spacing--50);padding-bottom:var(--wp--preset--spacing--50);padding-left:var(--wp--preset--spacing--50)\">\n<div class=\"wp-block-column is-layout-flow wp-block-column-is-layout-flow\" style=\"padding-top:var(--wp--preset--spacing--30);padding-right:var(--wp--preset--spacing--30);padding-bottom:var(--wp--preset--spacing--30);padding-left:var(--wp--preset--spacing--30)\">\n<h3 class=\"wp-block-heading alignfull has-small-font-size\"><strong>PHOTOS D&#8217;IDENTIT\u00c9<br><\/strong><em>\u00c0 partir de 15\u20ac<\/em><br>Je me d\u00e9place \u00e0 domicile pour r\u00e9aliser vos photos avec tout le mat\u00e9riel n\u00e9cessaire. Planche de 4 photos de taille officielle pour passeport \/ carte d&#8217;identit\u00e9. Photos livr\u00e9es le jour m\u00eame sur Joigny. Possibilit\u00e9 de faire des photos d&#8217;identit\u00e9 pour autres pays (USA, Canada&#8230;) et tirages num\u00e9riques (non sign\u00e9 \u00e9lectroniquement).<\/h3>\n\n\n\n<figure class=\"wp-block-table is-style-stripes\" style=\"font-size:12px\"><table><tbody><tr><td>Joigny<\/td><td>15\u20ac<\/td><\/tr><tr><td>Looze, Chamvre, Paroy\/Tholon&#8230; <\/td><td>20\u20ac<\/td><\/tr><tr><td>Brion, B\u00e9on, Cezy, Saint Aubin sur Yonne, Villecien, la Celle Saint Cyr&#8230;<\/td><td>25\u20ac<\/td><\/tr><tr><td>Migennes, Charmoy, Saint Julien du Sault, Villevallier, Aillant\/Tholon, Busy en Othe&#8230;<\/td><td>30\u20ac<\/td><\/tr><tr><td>Planche suppl\u00e9mentaire<\/td><td>5\u20ac<\/td><\/tr><\/tbody><\/table><\/figure>\n\n\n\n<p class=\"has-small-font-size\"><strong>Attention je ne fais pas de e-photo<\/strong> !<\/p>\n<\/div>\n<\/div>\n\n\n\n<div class=\"wp-block-columns alignwide is-layout-flex wp-container-core-columns-is-layout-2 wp-block-columns-is-layout-flex\" style=\"border-width:1px;padding-top:var(--wp--preset--spacing--50);padding-right:var(--wp--preset--spacing--50);padding-bottom:var(--wp--preset--spacing--50);padding-left:var(--wp--preset--spacing--50)\">\n<div class=\"wp-block-column is-layout-flow wp-block-column-is-layout-flow\" style=\"padding-top:var(--wp--preset--spacing--30);padding-right:var(--wp--preset--spacing--30);padding-bottom:var(--wp--preset--spacing--30);padding-left:var(--wp--preset--spacing--30)\">\n<h3 class=\"wp-block-heading has-small-font-size\"><strong>PORTRAIT PHOTO NUM\u00c9RIQUE<br><\/strong><em>\u00c0 partir de 50 \u20ac<\/em><br>Portrait couleur classique ou intimiste, seul(e) ou en groupe. Chez vous, en ext\u00e9rieur ou dans un lieu \u00e0 votre convenance. Je me d\u00e9place avec tout le mat\u00e9riel pour un ou plusieurs setups (1 setup = 1 lieu, 1 \u00e9clairage). Dur\u00e9e d&#8217;un setup environ 30 minutes. Choix de la photo parmi une s\u00e9lection des clich\u00e9s r\u00e9alis\u00e9s. D\u00e9veloppement et post-traitement simple de la(les) photo(s) s\u00e9lectionn\u00e9e(s). Tirage num\u00e9rique HD du(des) clich\u00e9(s) s\u00e9lectionn\u00e9(s). Pas de tirage papier.<\/h3>\n\n\n\n<figure class=\"wp-block-table is-style-stripes\" style=\"font-size:12px\"><table><tbody><tr><td>Dur\u00e9e<\/td><td>30mn<\/td><\/tr><tr><td>Nbre de photos dans la s\u00e9lection<\/td><td>5<\/td><\/tr><tr><td>Tirage photo num\u00e9rique<\/td><td>1<\/td><\/tr><tr><td>Tirage Photo suppl\u00e9mentaire<\/td><td>5 \u20ac<\/td><\/tr><tr><td>D\u00e9placement (au del\u00e0 de 50km) + h\u00e9bergement au del\u00e0 de 200km<\/td><td>0.5 \u20ac\/km<\/td><\/tr><tr><td>Localisation<\/td><td>Option<\/td><\/tr><tr><td>Coiffure \/ MUA<\/td><td>Option<\/td><\/tr><tr><td>Tirage papier \/ Album<\/td><td>Option<\/td><\/tr><\/tbody><\/table><\/figure>\n\n\n\n<h3 class=\"wp-block-heading has-small-font-size\"><strong>SHOOTING PHOTO FINEART<br><\/strong><em>\u00c0 partir de 100 \u20ac<\/em><br>Portrait couleur classique ou intimiste, seul(e) ou en groupe. Chez vous, en ext\u00e9rieur ou dans un lieu \u00e0 votre convenance. Je me d\u00e9place avec tout le mat\u00e9riel pour un ou plusieurs setups (1 setup = 1 lieu, 1 \u00e9clairage). Dur\u00e9e du shooting environ 1 h. Choix de la photo parmi une s\u00e9lection des clich\u00e9s r\u00e9alis\u00e9s. D\u00e9veloppement et post-traitement simple de la(les) photo(s) s\u00e9lectionn\u00e9e(s). Tirage sur papier Fineart 30&#215;40 (autre format sur demande) de la(les) photo(s) s\u00e9lectionn\u00e9e(s). Pas de tirage num\u00e9rique.<\/h3>\n\n\n\n<figure class=\"wp-block-table is-style-stripes\" style=\"font-size:12px\"><table><tbody><tr><td>Dur\u00e9e <\/td><td>1h<\/td><\/tr><tr><td>Nbre de photos dans la s\u00e9lection<\/td><td>10<\/td><\/tr><tr><td>Tirage papier fineart<\/td><td>40&#215;30<\/td><\/tr><tr><td>heure suppl\u00e9mentaire (+ 10 photos)<\/td><td>100 \u20ac<\/td><\/tr><tr><td>Tirage Photo suppl\u00e9mentaire<\/td><td>60 \u20ac<\/td><\/tr><tr><td>D\u00e9placement (au del\u00e0 de 50 km) + h\u00e9bergement au del\u00e0 de 200km<\/td><td>0.5 \u20ac\/km<\/td><\/tr><tr><td>Localisation<\/td><td>Option<\/td><\/tr><tr><td>Coiffure \/ MUA<\/td><td>Option<\/td><\/tr><\/tbody><\/table><\/figure>\n\n\n\n<p>Pour en savoir plus sur le portrait, je vous invite \u00e0 lire l&#8217;article de mon blog o\u00f9 je cause du portait : <a href=\"https:\/\/alainepron-photographer.fr\/index.php\/2023\/05\/25\/le-portrait\/\"><strong>Le portrait<\/strong><\/a>.<\/p>\n<\/div>\n\n\n\n<div class=\"wp-block-column is-layout-flow wp-block-column-is-layout-flow\" style=\"padding-top:var(--wp--preset--spacing--30);padding-right:var(--wp--preset--spacing--30);padding-bottom:var(--wp--preset--spacing--30);padding-left:var(--wp--preset--spacing--30)\">\n<h3 class=\"wp-block-heading has-small-font-size\"><strong>SEANCE BOUDOIR INTIMISTE<br><\/strong><em>\u00c0 partir de 300 \u20ac<\/em><br>S\u00e9ance intimiste \u00e0 domicile ou dans un lieu \u00e0 votre convenance. Lingerie, nudit\u00e9, nu cach\u00e9, nu sensuel\u2026 c&#8217;est vous qui d\u00e9cidez de l&#8217;orientation que vous souhaitez donner \u00e0 cette s\u00e9ance. Je me d\u00e9place avec tout le mat\u00e9riel pour plusieurs setups (1 setup = 1 lieu, 1 \u00e9clairage) pour une dur\u00e9e d&#8217;environ 3h. Choix des photos parmi une s\u00e9lection des clich\u00e9s r\u00e9alis\u00e9s. D\u00e9veloppement et post-traitement avanc\u00e9 des photos s\u00e9lectionn\u00e9es.<\/h3>\n\n\n\n<figure class=\"wp-block-table is-style-stripes\" style=\"font-size:12px\"><table><tbody><tr><td>Dur\u00e9e<\/td><td>3h<\/td><\/tr><tr><td>Nbre de photos (tirage num\u00e9rique Haute D\u00e9finition)<\/td><td>30<\/td><\/tr><tr><td>heure suppl\u00e9mentaire (+ 10 photos)<\/td><td>100 \u20ac<\/td><\/tr><tr><td>Photo suppl\u00e9mentaire <\/td><td>5 \u20ac<\/td><\/tr><tr><td>D\u00e9placement (au del\u00e0 de 50km) + h\u00e9bergement au del\u00e0 de 200km<\/td><td>0.5 \u20ac\/km<\/td><\/tr><tr><td>Localisation<\/td><td>Option<\/td><\/tr><tr><td>Coiffure \/ MUA<\/td><td>Option<\/td><\/tr><tr><td>Tirage papier \/ Album<\/td><td>Option<\/td><\/tr><\/tbody><\/table><\/figure>\n\n\n\n<h3 class=\"wp-block-heading has-small-font-size\"><strong>SEANCE CONTENU POUR ADULTES (MYM, ONLYFAN&#8230;)<br><\/strong><em>\u00c0 partir de 400 \u20ac<\/em><br>S\u00e9ance orient\u00e9e contenu pour adultes pour r\u00e9seaux sociaux (MYM, OnlyFan&#8230;) \u00e0 domicile ou dans un lieu \u00e0 votre convenance. Photos de charme, sensuelles, \u00e9rotiques&#8230; c&#8217;est vous qui d\u00e9cid\u00e9 de l&#8217;orientation que vous souhaitez donner \u00e0 la s\u00e9ance. Plus que du simple voyeurisme, j&#8217;apporte au travers de mes cadrages, mes angles de prise de vue, l&#8217;\u00e9clairage, mon post-traitement, un c\u00f4t\u00e9 plus artistique et moins cru \u00e0 vos photos avec un rendu professionnel. Je me d\u00e9place avec tous le mat\u00e9riel pour plusieurs setup (1 setup = 1 lieu, 1 \u00e9clairage) pour une dur\u00e9e d&#8217;environ 3h. Choix des photos parmi une s\u00e9lection des clich\u00e9s r\u00e9alis\u00e9s. D\u00e9veloppement et post-traitement avanc\u00e9 des photos s\u00e9lectionn\u00e9es. Discr\u00e9tion assur\u00e9e.<\/h3>\n\n\n\n<figure class=\"wp-block-table is-style-stripes\" style=\"font-size:12px\"><table><tbody><tr><td>Dur\u00e9e<\/td><td>3h<\/td><\/tr><tr><td>Nbre de photos (tirage num\u00e9rique Haute D\u00e9finition)<\/td><td>30<\/td><\/tr><tr><td>heure suppl\u00e9mentaire<\/td><td>100 \u20ac<\/td><\/tr><tr><td>Photo suppl\u00e9mentaire <\/td><td>5 \u20ac<\/td><\/tr><tr><td>D\u00e9placement (au del\u00e0 de 50km) + h\u00e9bergement au del\u00e0 de 200km<\/td><td>0.5 \u20ac\/km<\/td><\/tr><tr><td>Localisation<\/td><td>Option<\/td><\/tr><tr><td>Coiffure \/ MUA<\/td><td>Option<\/td><\/tr><tr><td>Tirage papier \/ Album<\/td><td>Option<\/td><\/tr><tr><td>Vid\u00e9o<\/td><td>Option<\/td><\/tr><\/tbody><\/table><\/figure>\n<\/div>\n<\/div>\n\n\n\n<h2 class=\"wp-block-heading has-tertiary-color has-text-color has-large-font-size\" id=\"MANNEQUIN\">[PRESTATIONS PHOTO POUR LES MANNEQUINS \/ ARTISTES]<\/h2>\n\n\n\n<div class=\"wp-block-columns alignwide is-layout-flex wp-container-core-columns-is-layout-3 wp-block-columns-is-layout-flex\" style=\"border-width:1px;padding-top:var(--wp--preset--spacing--50);padding-right:var(--wp--preset--spacing--50);padding-bottom:var(--wp--preset--spacing--50);padding-left:var(--wp--preset--spacing--50)\">\n<div class=\"wp-block-column is-layout-flow wp-block-column-is-layout-flow\" style=\"padding-top:var(--wp--preset--spacing--30);padding-right:var(--wp--preset--spacing--30);padding-bottom:var(--wp--preset--spacing--30);padding-left:var(--wp--preset--spacing--30)\">\n<h3 class=\"wp-block-heading has-small-font-size\"><strong>POLA (Forfait)<\/strong><br><em>\u00c0 partir de 63 \u20ac<\/em><br>R\u00e9alisation de vos polas afin de d\u00e9marcher les agences ou mettre \u00e0 jour votre profil mannequin. Shooting r\u00e9alis\u00e9 sur Joigny en studio.<br>R\u00e9alisation de 4 photos (face, profil, 3\/4, portrait en pied). 4 tirages papier Pro 13&#215;18.<\/h3>\n\n\n\n<figure class=\"wp-block-table is-style-stripes\" style=\"font-size:12px\"><table><tbody><tr><td>Dur\u00e9e<\/td><td>30mn<\/td><\/tr><tr><td>Nbre de photos <\/td><td>4<\/td><\/tr><tr><td>D\u00e9veloppement &amp; post-traitement<\/td><td>Simple<\/td><\/tr><tr><td>Tirage num\u00e9rique<\/td><td>4<\/td><\/tr><tr><td>Tirage papier Pro 13&#215;18<\/td><td>4<\/td><\/tr><\/tbody><\/table><\/figure>\n\n\n\n<h3 class=\"wp-block-heading has-small-font-size\"><strong>BOOK PHOTO<\/strong> (Forfait)<br><em>\u00c0 partir de 700 \u20ac<\/em><br>Shooting int\u00e9rieur \/ ext\u00e9rieur. R\u00e9alisation de 8 setups diff\u00e9rents en lumi\u00e8re studio ou naturelle. 8 tirages num\u00e9riques + 8 tirages papier FineArt 18\u00d724. Coiffure, maquillage et localisation en option. Shooting sur la journ\u00e9e. Setup suppl\u00e9mentaire sur devis.<\/h3>\n\n\n\n<figure class=\"wp-block-table is-style-stripes\" style=\"font-size:12px\"><table><tbody><tr><td>Dur\u00e9e<\/td><td>8h (8 setup)<\/td><\/tr><tr><td>Nbre de photos<\/td><td>8<\/td><\/tr><tr><td>D\u00e9veloppement &amp; post-traitement<\/td><td>Particulier<\/td><\/tr><tr><td>Tirage num\u00e9rique<\/td><td>8<\/td><\/tr><tr><td>Tirage papier (FineArt 18\u00d724)<\/td><td>8 <\/td><\/tr><tr><td>Photo suppl. (tirage num\u00e9rique + papier)<\/td><td>\u00e0 partir de 45 \u20ac<\/td><\/tr><tr><td>D\u00e9placement (jusqu&#8217;\u00e0 200km)<\/td><td>0.5 \u20ac\/km<\/td><\/tr><tr><td>Localisation<\/td><td>Option<\/td><\/tr><tr><td>Coiffure \/ MUA<\/td><td>Option<\/td><\/tr><\/tbody><\/table><\/figure>\n<\/div>\n\n\n\n<div class=\"wp-block-column is-layout-flow wp-block-column-is-layout-flow\" style=\"padding-top:var(--wp--preset--spacing--30);padding-right:var(--wp--preset--spacing--30);padding-bottom:var(--wp--preset--spacing--30);padding-left:var(--wp--preset--spacing--30)\">\n<h3 class=\"wp-block-heading has-small-font-size\"><strong>CASTING PHOTO \/ TEST AGENCY<\/strong> (Forfait)<br><em>\u00c0 partir de 360 \u20ac<\/em><br>Shooting int\u00e9rieur \/ ext\u00e9rieur. R\u00e9alisation de 4 setups diff\u00e9rents en lumi\u00e8re studio ou naturelle afin de pr\u00e9parer un casting ou d\u2019\u00e9toffer son book. 4 Tirages num\u00e9riques + 4 tirages papier Fineart 18\u00d724. Coiffure, maquillage et localisation en option. Shooting sur la demi-journ\u00e9e. Setup suppl\u00e9mentaire sur devis.<\/h3>\n\n\n\n<figure class=\"wp-block-table is-style-stripes\" style=\"font-size:12px\"><table><tbody><tr><td>Dur\u00e9e<\/td><td>4h (4 setup)<\/td><\/tr><tr><td>Nbre de photos<\/td><td>4<\/td><\/tr><tr><td>D\u00e9veloppement &amp; post-traitement<\/td><td>Particulier<\/td><\/tr><tr><td>Tirage num\u00e9rique<\/td><td>4<\/td><\/tr><tr><td>Tirage papier (FineArt 18\u00d724)<\/td><td>4 <\/td><\/tr><tr><td>Photo suppl. (tirage num\u00e9rique + papier)<\/td><td>\u00e0 partir de 45 \u20ac<\/td><\/tr><tr><td>D\u00e9placement (jusqu&#8217;\u00e0 200km)<\/td><td>0.5 \u20ac\/km<\/td><\/tr><tr><td>Localisation<\/td><td>Option<\/td><\/tr><tr><td>Coiffure \/ MUA<\/td><td>Option<\/td><\/tr><\/tbody><\/table><\/figure>\n\n\n\n<p class=\"has-small-font-size\"><strong>AUTRES PRESTATIONS PHOTOGRAPHIQUES<br><\/strong><em>Sur devis<\/em><br>Je peux r\u00e9aliser d&#8217;autres prestations photographiques sur commande. <\/p>\n<\/div>\n<\/div>\n\n\n\n<hr class=\"wp-block-separator has-alpha-channel-opacity\"\/>\n\n\n\n<p class=\"has-text-align-center has-small-font-size\">TVA non applicable &#8211; article 293 B du CGI &#8211; Dispens\u00e9 de pr\u00e9compte<\/p>\n","protected":false},"excerpt":{"rendered":"<p>You don\u2019t take a photograph, you make it.&nbsp;\u2013&nbsp;Ansel Adams PRESTATIONS &amp; TARIFS Particulier &#8211; Mannequin \/ Artiste [PRESTATIONS PHOTO POUR LES PARTICULIER] A l&#8217;inverse des collaborations o\u00f9 le partage est de mise, toutes les photos prises dans le cadre d&#8217;une prestation sont couvertes par une stricte confidentialit\u00e9. Elles ne sont jamais publi\u00e9es par mes soins [&hellip;]<\/p>\n","protected":false},"author":1,"featured_media":3494,"parent":0,"menu_order":0,"comment_status":"closed","ping_status":"closed","template":"","meta":{"_seopress_robots_primary_cat":"","_seopress_titles_title":"Prestations photographiques portraits et mode dans l'Yonne","_seopress_titles_desc":"Prestations photographiques pour les particuliers, professionnels et mod\u00e8le photo dans l'Yonne. Photos d'identit\u00e9, portraits, book et pr\u00e9paration casting.","_seopress_robots_index":"","footnotes":""},"class_list":["post-571","page","type-page","status-publish","has-post-thumbnail","hentry"],"_links":{"self":[{"href":"https:\/\/alainepron-photographer.fr\/index.php\/wp-json\/wp\/v2\/pages\/571","targetHints":{"allow":["GET"]}}],"collection":[{"href":"https:\/\/alainepron-photographer.fr\/index.php\/wp-json\/wp\/v2\/pages"}],"about":[{"href":"https:\/\/alainepron-photographer.fr\/index.php\/wp-json\/wp\/v2\/types\/page"}],"author":[{"embeddable":true,"href":"https:\/\/alainepron-photographer.fr\/index.php\/wp-json\/wp\/v2\/users\/1"}],"replies":[{"embeddable":true,"href":"https:\/\/alainepron-photographer.fr\/index.php\/wp-json\/wp\/v2\/comments?post=571"}],"version-history":[{"count":189,"href":"https:\/\/alainepron-photographer.fr\/index.php\/wp-json\/wp\/v2\/pages\/571\/revisions"}],"predecessor-version":[{"id":6379,"href":"https:\/\/alainepron-photographer.fr\/index.php\/wp-json\/wp\/v2\/pages\/571\/revisions\/6379"}],"wp:featuredmedia":[{"embeddable":true,"href":"https:\/\/alainepron-photographer.fr\/index.php\/wp-json\/wp\/v2\/media\/3494"}],"wp:attachment":[{"href":"https:\/\/alainepron-photographer.fr\/index.php\/wp-json\/wp\/v2\/media?parent=571"}],"curies":[{"name":"wp","href":"https:\/\/api.w.org\/{rel}","templated":true}]}}